3
Let f = -516 - -1348. Let v = f - 464. What are the prime factors of v?
2, 23
What are the prime factors of (-12)/(-72)*71787 + (-12)/(-8)?
2, 31, 193
Let z = -1921 - -2039. List the prime factors of z.
2, 59
Let n = -58 - 13. Let s = n - -73. List the prime factors of (-1 + -2)*((-154)/21)/s.
11
Suppose -5*d = -3*c + 9184, 3*d + 9198 = -4*c + 7*c. List the prime factors of c.
7, 439
Let a = -178 - -184. Suppose 4*q - 6 = a*q, -2*g + 5*q + 1185 = 0. What are the prime factors of g?
3, 5, 13
Let d(g) = -20*g**2 + 60*g - 87. Let q(s) = -6*s**2 + 20*s - 29. Let n(f) = 2*d(f) - 7*q(f). What are the prime factors of n(16)?
13, 17
Let p(b) = 2*b**3 - 2*b**2 - 3*b. Let i be p(2). What are the prime factors of 0 - i/(-12) - (-1121)/6?
11, 17
Let w(f) = -102*f + 14*f + 7 + 23*f - 89*f. What are the prime factors of w(-1)?
7, 23
Let p(x) = -x**2 + 2*x + 6. Let q be p(4). List the prime factors of q/(-34) - 700352/(-527).
3, 443
Suppose a + a - 2 = c, -3 = -a. Suppose -2*k + 126 = -f, -5*f + 181 + 43 = c*k. Suppose 66 + k = v. List the prime factors of v.
127
Let o(q) = -265*q - 1589. What are the prime factors of o(-20)?
3, 1237
Let y = -11619 - -20624. List the prime factors of y.
5, 1801
Let u(m) be the second derivative of m**4/4 + 4*m**3/3 + 35*m**2 + 2*m - 25. What are the prime factors of u(-8)?
2, 3, 11
What are the prime factors of ((-18)/(-24))/((-108)/(-9696))*93?
2, 31, 101
Suppose 134 - 1454 = -2*v. Suppose 0 = -3*r - 3*x + v, 0 = 3*r - 4*x - 473 - 159. What are the prime factors of -1 + r - (0 - 0)?
5, 43
Let t(v) = v**3 - 2*v**2 + 8. Let l be t(7). Suppose -q = 5*y - 620, q - 244 = -4*y + l. Let b = 194 - y. List the prime factors of b.
71
Let p(m) = -1044*m - 1860. List the prime factors of p(-6).
2, 3, 367
Let h be 1/(-4)*-10*64/80. Suppose h*n - 512 = -6*n. Suppose 30 = 2*p - n. List the prime factors of p.
47
Let z(g) = 3*g**3 - 3*g**2 - 6*g - 3. Let x(l) = -l**3 - l**2 + l. Let o(i) = -4*x(i) - z(i). Suppose 0 = -6*k - 29 - 7. List the prime factors of o(k).
3
Suppose -211354 = -38*y + 343989 + 137321. What are the prime factors of y?
2, 3, 7, 31
Let n(k) = k**3 + 10*k**2 - 4*k + 36. List the prime factors of n(8).
2, 17
Suppose 79*p = -58*p + 32880. Let q be (-1 - 290/(-8))*-4. Let y = p + q. What are the prime factors of y?
3, 11
Let g(n) = -9*n + 44. Let o be g(5). Let m be (-16 - 1) + (-3)/o. List the prime factors of (-2388)/m - 60/(-140).
3, 19
Let m = 1511 - 878. What are the prime factors of m?
3, 211
Let p = 249 + -169. Let w = -32 + -35. Let o = w + p. What are the prime factors of o?
13
Suppose 5*b - 255167 = 2837*i - 2833*i, 0 = 3*b - 3*i - 153102. What are the prime factors of b?
51031
Let z = 16 - 73. Let v = z - -110. What are the prime factors of v?
53
Suppose -3*l - 186 = -5*p - 567, 3*p + 9 = 0. Let k = 698 + l. List the prime factors of k.
2, 5, 41
Let t(k) be the first derivative of 5*k**2/2 + 82*k - 13. Let q be t(24). Suppose 0 = -a - 2*f + q, 2*a = -3*a - 3*f + 1045. List the prime factors of a.
2, 53
Suppose 0 = -3*x + 3*y + 125610, x - 28030 = -3*y + 13872. What are the prime factors of x?
2, 20939
Let h be (-2)/(-11) + 325/(-275). What are the prime factors of 361 - h - 54/(-9)?
2, 23
Let a = -56452 - -90485. List the prime factors of a.
34033
Let s(x) = x + 4. Let g be s(-2). Suppose g*u + f = -2*u + 36, -5*f = 3*u - 10. List the prime factors of ((-30)/u)/((10/24)/(-5)).
2, 3
List the prime factors of 19270 + 200/75*-3.
2, 9631
Suppose 0 = -5*s + 5*w + 59855, 3*w + 23934 = 111*s - 109*s. List the prime factors of s.
3, 11
Let b = -2 - -3. Suppose 3*j = -5*v - 722, 3*v = 5*j - 172 - 268. What are the prime factors of (b + -1 + -1)*(20 + v)?
5
Let l = -43 + 18. Let r be l/(-10)*12/5. Suppose 0 = -4*q - 4, c + 11*q - 19 = r*q. List the prime factors of c.
2, 3
Let k(f) = f - 3. Let w be k(6). Let b = 3993 - 3758. Suppose -46 + b = w*v. List the prime factors of v.
3, 7
Let n be (-5)/(-10) + 3*1/2. Suppose -3*w = -3*d + n*w + 125, 2*d - 81 = w. Suppose 0 = -37*v + d*v - 204. List the prime factors of v.
2, 17
Let v = 13 + -11. Suppose -4*h = -2*l + 342, -v*l = -3*h - 274 - 65. Suppose -3*t = 2*t + 5*z - l, -5*t = z - 161. What are the prime factors of t?
2
Let p = -436 - -302. Let w = p + 56. Let a = w - -110. List the prime factors of a.
2
Let l = 9 - 7. Let h be (-306)/l*(120/(-18) + 0). List the prime factors of (-28)/49 + h/21.
2, 3
Let o(g) = -g**3 + 16*g**2 + 24*g - 21. Let v be (-114)/(-6)*1 + 2*-1. List the prime factors of o(v).
2, 7
Suppose 4*n + 48 + 48 = 0. Let c be (1/(-3))/((-4)/n) + 7. Suppose -43 = -r + c. List the prime factors of r.
2, 3
Let w = 3645 - 2547. Let t = w + -478. List the prime factors of t.
2, 5, 31
Suppose 4*l + 55 = -5*r, -2*r - 27 = -r + 4*l. Let d(b) = b + 11. Let j be d(r). Suppose -2*q = -4*i - 162, 81 = q - 3*i + j*i. List the prime factors of q.
3
Suppose -4*i + 375 = i. Let s = -151 + i. Let t = 108 + s. What are the prime factors of t?
2
Suppose 1392 = -41*v + 47*v. List the prime factors of (v - 0) + -17 + 14.
229
Let w(y) = y**3 - 26*y**2 + 23*y - 3828. What are the prime factors of w(54)?
2, 3, 13177
Let c be (-6 - 16)*(-2)/4. Suppose 2*l = 3*p - c, 4*l - 2*p = -l. List the prime factors of 199 - -10*(8/10)/l.
7, 29
Let k = 7048 + -3164. What are the prime factors of k?
2, 971
Let t = -397 - -223. Suppose 0 = -1010*b + 994*b + 5184. Let k = t + b. List the prime factors of k.
2, 3, 5
Suppose 3110*y = 3135*y - 49550. What are the prime factors of y?
2, 991
List the prime factors of 12/(-15) - ((-29007)/15 + 5).
2, 241
Suppose -32*k - 2200 + 15896 = 0. What are the prime factors of k?
2, 107
Let v(i) = 12*i - 33. Let w be v(3). Suppose 0 = 3*a + w*n - 82 - 686, 2*a = -4*n + 518. List the prime factors of a.
11, 23
Suppose 6*r = 9811 - 1441. Suppose r = 5*x - 5. Suppose 13*n - 20*n + x = 0. List the prime factors of n.
2, 5
Suppose -5*d = -b - 0 - 19, 0 = -3*d - 4*b - 7. Suppose -622 = -d*j + 185. Let h = j + -132. List the prime factors of h.
137
Suppose 0 = 6*w - 2*w - 2*l - 340, 0 = 3*w + 2*l - 262. Let q = w + -85. What are the prime factors of (-7 + -3)*(1 - 4)*q?
2, 3, 5
Suppose 2*u + 13*u = 10395. Let b = u - 209. List the prime factors of b.
2, 11
Let w be (-1 + 5)*15/20. Suppose -g + 68 = w*g. Suppose 0 = 6*n - g*n + 858. What are the prime factors of n?
2, 3, 13
Let p = -24871 + 42696. What are the prime factors of p?
5, 23, 31
Suppose 63 + 33 = 4*i. Suppose i = 5*c + 4. Suppose -c*s + 62 = 5*f - 2*s, 6 = f + 2*s. List the prime factors of f.
2, 7
List the prime factors of 60125/(-962)*4404/(-10).
3, 5, 367
Let m(b) = -6*b - 1. Let a = 22 + -23. Let t be m(a). Suppose c - h - 2 = 0, t*c + 8 = 3*h + 26. What are the prime factors of c?
2, 3
Let b(c) = c**3 - 4*c**2 + 2*c + 4. Let u be b(2). Suppose -n + 3*x + 809 = -68, u = -5*n - 4*x + 4404. What are the prime factors of n?
2, 5, 11
Let h(j) = -j**3 + 33*j**2 - 50*j + 11. Let y be h(32). List the prime factors of (9 + -11)*y/2.
5, 113
Let r be (12 - 12)/(-3 + -1 - -2). Suppose 3*u + 7*b - 4*b + 141 = r, -2*b = -2*u - 86. What are the prime factors of (-1 + u)/(-2)*(-1)/(-1)?
23
Suppose -3*l - 3 + 18 = 0, -15 = -4*h + l. Let x(m) = 13*m**2 - 7*m + 15. List the prime factors of x(h).
5, 61
Suppose 3*j = 5*s - j - 119, 0 = 2*j + 2. Let a = -25 + s. List the prime factors of (-122)/(a/3*3).
61
Let n be ((-12)/(-24))/(-4 + 75/18). List the prime factors of n/36*6 + 3482/4.
13, 67
Suppose -184 = -6*u + 80. Let t = u + 427. List the prime factors of t.
3, 157
Let i be (2/(-2))/(2/(-2)) - 3. Let v be (-7 - 2)*i/6. Suppose -v*t = s - 35, 2*t - 3*t - s = -11. List the prime factors of t.
2, 3
Let v(h) = -8*h**3 - 4*h**2 - h. Let z be v(-1). Suppose z*k - c = 5984, 3*c = -k - 7 + 1191. List the prime factors of k.
2, 13, 23
Let r be 210/(-50) - (-2)/10. Let d(n) be the second derivative of 7*n**4/12 - 7*n**3/6 - 4*n**2 - 8*n. List the prime factors of d(r).
2, 3, 11
Let s be 5/((-39)/18 + 2). Let r be s/9*((-81)/(-2))/3. Let c = r - -193. What are the prime factors of c?
2, 37
Let r = 171 - 387. Let p = r - -679. What are the prime factors of p?
463
Let u = -3172 - -21682. List the prime factors of u.
2, 3, 5, 617
Suppose 2*x + 2 = 4*x. Let l(r) = x - 3*r**2 + 19*r + 37 + 2*r**2 + 0*r. List the prime factors of l(